and s.
20
Suppose -n = -2*s - 11, -n - n - 3*s = 6. Let q be n + 206/(-2)*56. Let r be q/(-35) + 6/21. Calculate the greatest common divisor of r and 15.
15
Let b = -74 + 45. Let w = 5 - b. What is the greatest common factor of w and 17?
17
Suppose p - 26 = 4*m, -2*m = 4*p - 27 - 5. Suppose 53 = o - 5*y, 5*o - 2*y = 3*o + 66. Let s = 68 - o. What is the greatest common factor of p and s?
10
Suppose t = d + 22 - 1, t - 25 = -d. Suppose 2*b + 3 = -1, 5*j - 337 = -4*b. What is the highest common factor of j and t?
23
Suppose 2*w = -5*d + 573 + 910, 4*d + 3*w = 1192. Suppose 6*g - g = -d. Let c = 83 + g. Calculate the highest common factor of c and 192.
24
Let y(d) = 0*d - 5*d - 58 + 15*d. Let g be y(8). Let c = 396 - 264. What is the highest common divisor of c and g?
22
Let z(s) = -s + 7. Let j be z(-13). Let w = 0 + j. Let y be (-5)/(((-2)/(-1))/(-40)). Calculate the highest common factor of w and y.
20
Let y be (5/(-2))/(6/(-12)). Let q = 7 + y. What is the greatest common factor of 132 and q?
12
Let z(a) = -2*a - a**3 + a + 1687 - 1689 + 7*a**2. Let t = 9 - 5. Let m be z(t). Calculate the greatest common factor of m and 6.
6
Let h = -2556 - -4480. What is the highest common factor of h and 52?
52
Let w be ((-1)/(3/4))/((-186)/279). What is the greatest common factor of w and 66?
2
Let i(j) = j**3 + 2*j**2 - 3*j - 4. Let p be i(3). Suppose -5*s - 5*r + 475 = 0, -17*s + 4*r = -19*s + 188. What is the greatest common divisor of p and s?
32
Let p = -23 - -47. Let u = p + 40. Suppose -14 = 4*g - 46. Calculate the greatest common divisor of u and g.
8
Let i be (-27)/(-6)*6 - -3. Let w = -52 + i. Let m be 24/11 - (-4)/w. What is the highest common divisor of m and 10?
2
Let g be (5/2)/(3/6). Suppose g*v = 8*v - 180. What is the greatest common factor of v and 40?
20
Suppose 16 = -2*z + 84. Let y(n) = -50*n - 516. Let o be y(-11). What is the highest common factor of z and o?
34
Suppose -3796 = -33*z + 47816. What is the highest common divisor of z and 92?
92
Let c be (-5)/(2*(-2)/36). Suppose 2*a = -4*t + 10, 47 = 4*a + t - 8. Let p = 0 + a. What is the highest common factor of p and c?
15
Let q = 19 + -14. Suppose q*j = -5*p + 130, 5*p - 3*j - 126 + 28 = 0. Let d = -37 - -59. Calculate the greatest common factor of d and p.
22
Suppose 0 = 5*o - 3*w - 45, -2*o - 3*w + 18 = 2*w. Let p be (-27)/(-36) + ((-1035)/12)/(-5). What is the highest common factor of o and p?
9
Let a(j) = -j**2 + 4*j + 91. Let p be a(0). Calculate the highest common divisor of p and 13.
13
Suppose -251*o + 294 = -244*o. Calculate the greatest common divisor of o and 266.
14
Let l(r) = r**3 + r**2 - r + 20. Suppose 0*a = 3*f - 4*a - 8, 3*f - 2 = a. Let i be l(f). Let t = -7 - -12. What is the greatest common factor of t and i?
5
Let s = 48 + -16. Let z be (-4)/16 - ((-42)/8 + 2). Suppose d - 10 - 4 = 3*y, d + z*y - s = 0. What is the greatest common divisor of d and 253?
23
Suppose 265 + 46 = 3*v - 4*x, -422 = -4*v - 2*x. Calculate the highest common divisor of v and 21.
21
Suppose -4*v = -28 - 52. Calculate the highest common divisor of v and 10.
10
Suppose 0*r = r - 5. Suppose 21 = o - 3*k - 117, -3*o = -r*k - 394. Let l = o + -58. Calculate the highest common factor of 13 and l.
13
Let b be (-427)/(-21) + (-5)/(-3). Let j = 74 - 30. Calculate the greatest common divisor of b and j.
22
Let s(r) = -r**3 + 21*r**2 - r + 24. Let k be s(21). Suppose 78 = -0*c + k*c. Calculate the highest common factor of 39 and c.
13
Let t be 2*(-1)/2 + 11. Let o = -26494 - -26574. What is the highest common divisor of o and t?
10
Let p be 2/((-6)/9) + -9. Let f be (3/p + 1)*24. Suppose -2*m = o - 32, 2*m - o - o - 44 = 0. Calculate the highest common divisor of f and m.
18
Suppose 4*v = -4*f + 12, 4*v + 2*f - 3 = 9. Suppose 0 = v*d - 34 - 32. Calculate the highest common factor of d and 33.
11
Let p be (8/(-3))/(24/(-36)). Suppose -58 = -5*v + p*g, 3*v + 0*g - 20 = -5*g. Suppose -b + 23 = -v. What is the highest common divisor of 165 and b?
33
Let r be ((-6)/(-8))/((-11)/(-88)). Let t be (2*9)/(9/r). Calculate the highest common divisor of 6 and t.
6
Let h(j) = 4*j**3 + 13*j**2 - 14*j - 13. Let r be h(9). Calculate the greatest common factor of r and 10.
10
Suppose 0 = -a + 4 - 0. Suppose -p = 5 - a. Let g be 6/(-2) + 15 + p. What is the greatest common divisor of g and 22?
11
Suppose 5*q - 2*m - 15 = 38, 0 = -2*q + m + 22. Suppose -4*t + t + q = 0. Let o be (t/(-2))/((-6)/224). What is the highest common factor of o and 7?
7
Suppose -2*u = 2*r - 38, -2*r - 2*r = u - 4. What is the greatest common factor of u and 16?
8
Suppose -29*u + 24*u = -50. Let j(s) = s**2 - s - 1. Suppose 2*y = 4*y + 4. Let n be j(y). What is the highest common factor of u and n?
5
Let b be (0 - -1) + -3 + 12. Let k be 6/b - (-13)/(-5). Let a = 28 - k. Calculate the highest common divisor of a and 12.
6
Suppose 2*g = -h - 88 + 92, -4*g = -2*h + 48. Let d(f) = -36*f + 4. Let a be d(-3). Calculate the highest common divisor of h and a.
14
Suppose -7*h - 159 = -537. What is the greatest common factor of h and 738?
18
Let u(f) = -f + 5. Let x be u(-3). Suppose 1160 = -x*j + 12*j. Calculate the highest common factor of j and 58.
58
Let b be (((-4)/6)/1)/(12/(-126)). Let r be -3 + 5 + 7/(b/38). Calculate the greatest common factor of r and 10.
10
Let i be 23/3 - (-1)/3. Let s = -358 + 2290. Let z be 10/55 - s/(-22). Calculate the highest common divisor of z and i.
8
Suppose -2*i - 2*i + 48 = 0. Let w = -943 + 973. Calculate the greatest common divisor of i and w.
6
Suppose 161 = 3*h + 4*s, 4*h - s - 70 = 132. Suppose 0*f - h = -f. Let q = 3 + f. What is the highest common divisor of 6 and q?
6
Let h be 370/10 + 0 + 1. Let n = 72 + h. Calculate the highest common divisor of 10 and n.
10
Suppose -5*p - 5*d = -15, p - 6*d - 9 = -4*d. Let s = 60 - 56. Suppose h - s*f - f - 12 = 0, -6 = 3*f. Calculate the highest common divisor of h and p.
1
Let b(v) = v**3 - 6*v**2 - 6*v - 4. Let m be b(7). Suppose -2 - 4 = m*z. Let u be 3*z/(-9)*15. What is the greatest common factor of 4 and u?
2
Let k be -114*-2*(-1)/(-3). Let t = -46 + k. What is the greatest common factor of 12 and t?
6
Suppose 5*v - 16 = 39. Suppose 5*g + 13 + v = -2*l, 5*g = -4*l - 38. Let o = l - -21. What is the highest common divisor of 7 and o?
7
Let c be (-250)/(-2625) + (-93740)/(-42). Calculate the highest common factor of c and 8.
8
Let v be 1 - 4*(-18 + 2)*-1. Let w = v - -76. Suppose -3*s = -5*l - 332, -s = -0*l - 4*l - 120. Calculate the highest common factor of w and s.
13
Let v be (168/(-20))/((-12)/40). Let h be v/1*(-15)/(-6). Calculate the greatest common divisor of h and 28.
14
Let x = 672 + -386. What is the greatest common factor of x and 13?
13
Let k be ((-5)/3)/(3/54). Suppose 0 = 6*a - 191 - 73. Let n = a + k. What is the highest common divisor of n and 14?
14
Let q be 8 + -6 - 1/(-1). Suppose 0 = -q*a - 5*l + 15, 7*l - 20 = -4*a + 3*l. Suppose -w + 15 = 2*w. Calculate the greatest common divisor of a and w.
5
Let x(c) = -c**2 + 4*c - 3. Let z be x(8). Let b = z + 62. Suppose 0 = -2*h + 15 + b. What is the greatest common divisor of h and 231?
21
Suppose -71 - 23 = 2*z. Let a = -31 - z. Suppose 0 = -3*f + 184 + 200. What is the greatest common divisor of a and f?
16
Suppose 21*v + 8*v = 870. Calculate the highest common factor of 150 and v.
30
Suppose 0 = 60*c - 52*c - 1360. Calculate the greatest common divisor of 306 and c.
34
Suppose 66 = l + 4*x - 81, -4*l - 3*x = -588. Suppose -13*h + 7 = -84. Calculate the highest common divisor of l and h.
7
Let r = 3 + -3. Suppose r = -5*d + 10, 5*u = -3*d - d + 298. Let c be 1 + u + (-9)/3. Calculate the highest common divisor of 7 and c.
7
Let v = 39 + 276. What is the greatest common factor of v and 70?
35
Suppose 0 = m - 1599 + 874. Calculate the highest common divisor of 116 and m.
29
Suppose 33 = -6*u + 9*u. Let c = u + -9. Let j(g) = 2*g**3 - g**2 + 3*g - 1. Let q be j(c). Calculate the greatest common divisor of 34 and q.
17
Let f = -624 - -680. Calculate the highest common factor of f and 98.
14
Let q be (64/6)/(22/(-66)). Let n = -29 - q. Suppose m + n*m - 300 = 0. What is the greatest common divisor of 15 and m?
15
Let j be 11/(33/3360) - (-2 - -9). What is the greatest common factor of j and 7?
7